factor of 599215 and 41080.
395
What is the highest common factor of 3451223 and 105403?
967
Calculate the highest common divisor of 357740 and 2804797.
577
What is the greatest common divisor of 1 and 292993?
1
What is the greatest common factor of 5598561 and 38468?
163
Calculate the highest common divisor of 316770005 and 15.
5
Calculate the highest common divisor of 6309 and 119957223.
2103
What is the greatest common divisor of 366 and 73689342?
366
What is the greatest common divisor of 18 and 266988?
6
What is the greatest common factor of 75887609 and 119?
119
Calculate the highest common factor of 125500 and 96992675.
6275
What is the greatest common factor of 92998122 and 798?
798
Calculate the greatest common factor of 465426 and 3957642.
3042
Calculate the greatest common divisor of 228427272 and 1368.
1368
What is the highest common divisor of 42128060 and 169?
13
What is the highest common factor of 162 and 162582426?
18
Calculate the highest common divisor of 14438226 and 1452.
66
Calculate the greatest common divisor of 31268930 and 170.
10
What is the greatest common factor of 43695 and 9405?
45
What is the greatest common factor of 60718980 and 405?
15
Calculate the greatest common divisor of 1121 and 4365668.
19
What is the highest common factor of 26055 and 8928360?
135
Calculate the greatest common divisor of 273434852 and 152.
76
What is the highest common factor of 13796 and 38?
2
What is the greatest common divisor of 15248902 and 366?
122
Calculate the highest common factor of 4236 and 14463822.
2118
What is the highest common divisor of 2466 and 2927790?
18
Calculate the highest common factor of 15879 and 671541.
201
Calculate the highest common divisor of 1179 and 368757.
9
What is the greatest common divisor of 236253 and 404430?
183
Calculate the greatest common divisor of 812 and 16318358.
406
What is the highest common divisor of 290 and 91508108?
58
Calculate the greatest common factor of 4048907 and 119.
17
Calculate the greatest common factor of 639 and 9970246.
71
What is the greatest common divisor of 24905 and 26860?
85
What is the greatest common divisor of 8007 and 2864151?
471
What is the greatest common divisor of 91902 and 173363?
53
What is the highest common factor of 263266304 and 560?
112
What is the greatest common factor of 4025 and 992243?
161
Calculate the greatest common factor of 7313900 and 300.
100
Calculate the greatest common divisor of 2076 and 196032.
12
Calculate the highest common factor of 7728 and 29661744.
336
Calculate the greatest common divisor of 1897192 and 2816.
88
What is the highest common divisor of 9577466 and 16?
2
What is the highest common divisor of 225789278 and 286?
286
Calculate the highest common divisor of 1629159 and 2093.
161
Calculate the greatest common divisor of 385845673 and 76.
19
What is the highest common divisor of 12464832 and 61248?
192
What is the greatest common divisor of 10 and 1059626?
2
Calculate the highest common factor of 110 and 85041880.
110
Calculate the greatest common factor of 140812 and 7276.
428
Calculate the greatest common factor of 338905 and 595715.
2105
What is the highest common divisor of 2743069 and 3283?
49
What is the highest common divisor of 75712921 and 281?
281
Calculate the greatest common divisor of 15768489 and 16269.
957
What is the greatest common factor of 325257 and 891312?
1797
What is the greatest common divisor of 509634 and 615204?
414
Calculate the greatest common divisor of 192759 and 10633392.
2877
What is the highest common factor of 84726 and 367254?
162
What is the highest common divisor of 257892 and 17256?
12
Calculate the greatest common divisor of 953065 and 85.
5
What is the greatest common divisor of 93979 and 221?
1
Calculate the greatest common divisor of 48673287 and 819.
117
What is the highest common factor of 1606483 and 7208?
901
What is the greatest common divisor of 638 and 28767750?
22
Calculate the highest common divisor of 75517044 and 348.
348
Calculate the greatest common factor of 1440 and 1193088.
96
What is the highest common divisor of 766 and 14259473?
383
What is the highest common factor of 102363 and 162819?
687
Calculate the greatest common factor of 3229054324 and 68.
68
What is the highest common factor of 1138331 and 2248?
281
Calculate the greatest common factor of 729157 and 7579.
143
Calculate the greatest common divisor of 11897667 and 27.
9
What is the greatest common factor of 6880 and 4769760?
160
What is the greatest common factor of 1493226264 and 24?
24
Calculate the greatest common factor of 12917280 and 693600.
8160
What is the highest common factor of 5811980 and 58300?
1060
Calculate the highest common divisor of 8113 and 29201005.
1159
Calculate the greatest common divisor of 20676 and 44110523.
1723
What is the greatest common factor of 4838 and 8464081?
2419
Calculate the greatest common divisor of 36839191 and 217.
31
Calculate the highest common factor of 12 and 4464084.
12
Calculate the highest common factor of 110 and 241371680.
110
Calculate the highest common factor of 128478 and 429058.
266
Calculate the greatest common divisor of 598003047 and 17378.
8689
Calculate the highest common factor of 2615 and 624651849.
523
What is the greatest common divisor of 26 and 3051698?
26
What is the greatest common factor of 24748 and 2501802?
46
Calculate the greatest common divisor of 1527 and 2807135.
509
Calculate the highest common factor of 1170 and 5516355.
195
Calculate the highest common factor of 493508851 and 7114.
3557
What is the highest common factor of 478 and 37161154?
478
What is the greatest common divisor of 2543040 and 119520?
1440
Calculate the greatest common factor of 250 and 1400698.
2
Calculate the highest common divisor of 3480 and 1891323160.
1160
Calculate the highest common divisor of 2289 and 16342152.
327
Calculate the greatest common divisor of 1606320 and 4074.
582
Calculate the greatest common factor of 675010 and 4280.
10
What is the highest common factor of 59 and 68696237?
59
What is the highest common factor of 334530 and 2513990?
590
What is the highest common divisor of 395010930 and 30180?
15090
What is the highest common divisor of 7569 and 57188?
841
What is the greatest common factor of 15090716 and 4?
4
Calculate the highest common divisor of 22883120 and 1300.
260
What is the highest common divisor of 17276389 and 13?
13
What is the greatest common factor of 49 and 5267577?
7
What is the highest common divisor of 22683 and 2307?
3
Calculate the highest common factor of 4473 and 318577.
497
What is the greatest common factor of 144369 and 369?
9
Calculate the highest common divisor of 1325 and 2889225.
25
Calculate the highest common divisor of 1728 and 9404244.
36
Calculate the greatest common divisor of 1176260 and 35020.
2060
Calculate the greatest common factor of 75348 and 112112.
364
What is the greatest common factor of 15 and 21655850?
5
What is the greatest common divisor of 1766741 and 454?
227
Calculate the highest common divisor of 10581 and 2850.
3
Calculate the greatest common factor of 13475 and 1941698.
11
Calculate the greatest common factor of 99459 and 5574735.
387
What is the highest common factor of 5896215 and 1170?
585
Calculate the greatest common factor of 8472932 and 16.
4
What is the greatest common divisor of 8301247 and 1546?
773
Calculate the greatest common divisor of 3762080 and 14480.
80
What is the greatest common factor of 207754183 and 14?
7
Calculate the highest common factor of 28 and 19624213.
7
What is the highest common factor of 5727 and 883203?
249
What is the greatest common divisor of 2014363 and 184?
23
Calculate the highest common factor of 4473 and 13503.
21
Calculate the highest common factor of 682917 and 12.
3
Calculate the highest common factor of 3 and 1659109.
1
What is the greatest common divisor of 63706 and 3606?
1202
What is the highest common divisor of 6176249 and 265?
53
What is the greatest common factor of 2961 and 17252901?
423
Calculate the greatest common factor of 12677968 and 17014.
94
Calculate the greatest common factor of 4109084 and 3636.
404
Calculate the highest common factor of 380 and 7389180.
20
What is the highest common divisor of 262